{"id":117,"date":"2020-11-30T14:59:17","date_gmt":"2020-11-30T14:59:17","guid":{"rendered":"http:\/\/www.schmuckli.ch\/cms\/?page_id=117"},"modified":"2026-04-23T11:29:03","modified_gmt":"2026-04-23T11:29:03","slug":"passepartouts","status":"publish","type":"page","link":"https:\/\/www.schmuckli.ch\/cms\/passepartouts\/","title":{"rendered":"Passepartouts"},"content":{"rendered":"\n<div class=\"wp-block-themeisle-blocks-advanced-columns has-1-columns has-desktop-equal-layout has-tablet-equal-layout has-mobile-equal-layout has-default-gap has-vertical-unset\" id=\"wp-block-themeisle-blocks-advanced-columns-ce0d890d\"><div class=\"wp-block-themeisle-blocks-advanced-columns-overlay\"><\/div><div class=\"innerblocks-wrap\">\n<div class=\"wp-block-themeisle-blocks-advanced-column\" id=\"wp-block-themeisle-blocks-advanced-column-ccf9b056\">\n<h2 id=\"wp-block-themeisle-blocks-advanced-heading-5b4c89ca\" class=\"wp-block-themeisle-blocks-advanced-heading wp-block-themeisle-blocks-advanced-heading-5b4c89ca\">Passepartouts<\/h2>\n<p>Aus \u00fcber 150 Passepartouts (PP) finden wir f\u00fcr Sie das geeignete. <\/p>\n<p>Ob f\u00fcr dekorative Zwecke oder zum langanhaltenden Schutz vor sch\u00e4dlichen Einfl\u00fcssen auf teure Kunstwerke halten wir f\u00fcr Sie das Beste bereit.<\/p>\n<\/div>\n<\/div><\/div>\n","protected":false},"excerpt":{"rendered":"<p>Passepartouts Aus \u00fcber 150 Passepartouts (PP) finden wir f\u00fcr Sie das geeignete. Ob f\u00fcr dekorative Zwecke oder zum langanhaltenden Schutz vor sch\u00e4dlichen Einfl\u00fcssen auf teure Kunstwerke halten wir f\u00fcr Sie das Beste bereit.<\/p>\n","protected":false},"author":1,"featured_media":0,"parent":0,"menu_order":0,"comment_status":"closed","ping_status":"closed","template":"","meta":{"footnotes":""},"class_list":["post-117","page","type-page","status-publish","hentry"],"_links":{"self":[{"href":"https:\/\/www.schmuckli.ch\/cms\/wp-json\/wp\/v2\/pages\/117","targetHints":{"allow":["GET"]}}],"collection":[{"href":"https:\/\/www.schmuckli.ch\/cms\/wp-json\/wp\/v2\/pages"}],"about":[{"href":"https:\/\/www.schmuckli.ch\/cms\/wp-json\/wp\/v2\/types\/page"}],"author":[{"embeddable":true,"href":"https:\/\/www.schmuckli.ch\/cms\/wp-json\/wp\/v2\/users\/1"}],"replies":[{"embeddable":true,"href":"https:\/\/www.schmuckli.ch\/cms\/wp-json\/wp\/v2\/comments?post=117"}],"version-history":[{"count":8,"href":"https:\/\/www.schmuckli.ch\/cms\/wp-json\/wp\/v2\/pages\/117\/revisions"}],"predecessor-version":[{"id":562,"href":"https:\/\/www.schmuckli.ch\/cms\/wp-json\/wp\/v2\/pages\/117\/revisions\/562"}],"wp:attachment":[{"href":"https:\/\/www.schmuckli.ch\/cms\/wp-json\/wp\/v2\/media?parent=117"}],"curies":[{"name":"wp","href":"https:\/\/api.w.org\/{rel}","templated":true}]}}